{"id":1039,"date":"2020-09-29T19:43:47","date_gmt":"2020-09-29T17:43:47","guid":{"rendered":"http:\/\/saltimbreizh.fr\/?page_id=1039"},"modified":"2023-01-08T19:49:57","modified_gmt":"2023-01-08T18:49:57","slug":"cathy","status":"publish","type":"page","link":"https:\/\/saltimbreizh.fr\/?page_id=1039","title":{"rendered":"Cathy"},"content":{"rendered":"\n<div class=\"wp-block-media-text alignwide is-stacked-on-mobile\" style=\"grid-template-columns:32% auto\"><figure class=\"wp-block-media-text__media\"><img loading=\"lazy\" width=\"718\" height=\"768\" src=\"http:\/\/saltimbreizh.fr\/wp-content\/uploads\/2021\/10\/PHOTO-2021-10-05-12-42-44.jpg\" alt=\"\" class=\"wp-image-1085 size-full\" srcset=\"https:\/\/saltimbreizh.fr\/wp-content\/uploads\/2021\/10\/PHOTO-2021-10-05-12-42-44.jpg 718w, https:\/\/saltimbreizh.fr\/wp-content\/uploads\/2021\/10\/PHOTO-2021-10-05-12-42-44-280x300.jpg 280w\" sizes=\"(max-width: 718px) 100vw, 718px\" \/><\/figure><div class=\"wp-block-media-text__content\">\n<p class=\"has-large-font-size\"><\/p>\n\n\n\n<p>Apr\u00e8s avoir tergivers\u00e9 pendant des ann\u00e9es, avoir envi\u00e9 les acteurs \u00e0 chaque repr\u00e9sentation&#8230;je me suis lanc\u00e9e.<\/p>\n\n\n\n<p>C&rsquo;est un vrai plaisir de faire partie de cette \u00e9quipe. Beaucoup de bon moments, beaucoup de rires, en esp\u00e9rant que vous pendrez autant de plaisir \u00e0 venir nous voir, que nous en avons \u00e0 monter cette pi\u00e8ce<\/p>\n\n\n\n<p>Rendez-vous au mois de Mars.<\/p>\n<\/div><\/div>\n\n\n","protected":false},"excerpt":{"rendered":"<p>Apr\u00e8s avoir tergivers\u00e9 pendant des ann\u00e9es, avoir envi\u00e9 les acteurs \u00e0 chaque repr\u00e9sentation&#8230;je me suis lanc\u00e9e. C&rsquo;est un vrai plaisir de faire partie de cette \u00e9quipe. Beaucoup de bon moments, beaucoup de rires, en esp\u00e9rant que vous pendrez autant de plaisir \u00e0 venir nous voir, que nous en avons \u00e0 monter cette pi\u00e8ce Rendez-vous au &hellip; <a href=\"https:\/\/saltimbreizh.fr\/?page_id=1039\" class=\"more-link\">Continuer la lecture de <span class=\"screen-reader-text\">Cathy<\/span><\/a><\/p>\n","protected":false},"author":2,"featured_media":0,"parent":51,"menu_order":0,"comment_status":"closed","ping_status":"closed","template":"","meta":{"ngg_post_thumbnail":0},"_links":{"self":[{"href":"https:\/\/saltimbreizh.fr\/index.php?rest_route=\/wp\/v2\/pages\/1039"}],"collection":[{"href":"https:\/\/saltimbreizh.fr\/index.php?rest_route=\/wp\/v2\/pages"}],"about":[{"href":"https:\/\/saltimbreizh.fr\/index.php?rest_route=\/wp\/v2\/types\/page"}],"author":[{"embeddable":true,"href":"https:\/\/saltimbreizh.fr\/index.php?rest_route=\/wp\/v2\/users\/2"}],"replies":[{"embeddable":true,"href":"https:\/\/saltimbreizh.fr\/index.php?rest_route=%2Fwp%2Fv2%2Fcomments&post=1039"}],"version-history":[{"count":6,"href":"https:\/\/saltimbreizh.fr\/index.php?rest_route=\/wp\/v2\/pages\/1039\/revisions"}],"predecessor-version":[{"id":1203,"href":"https:\/\/saltimbreizh.fr\/index.php?rest_route=\/wp\/v2\/pages\/1039\/revisions\/1203"}],"up":[{"embeddable":true,"href":"https:\/\/saltimbreizh.fr\/index.php?rest_route=\/wp\/v2\/pages\/51"}],"wp:attachment":[{"href":"https:\/\/saltimbreizh.fr\/index.php?rest_route=%2Fwp%2Fv2%2Fmedia&parent=1039"}],"curies":[{"name":"wp","href":"https:\/\/api.w.org\/{rel}","templated":true}]}}