{"id":1061,"date":"2021-09-18T11:24:53","date_gmt":"2021-09-18T09:24:53","guid":{"rendered":"http:\/\/saltimbreizh.fr\/?page_id=1061"},"modified":"2023-01-08T19:44:07","modified_gmt":"2023-01-08T18:44:07","slug":"francis","status":"publish","type":"page","link":"https:\/\/saltimbreizh.fr\/?page_id=1061","title":{"rendered":"Francis"},"content":{"rendered":"\n<div class=\"wp-block-themeisle-blocks-advanced-columns has-2-columns has-desktop-equal-layout has-tablet-equal-layout has-mobile-collapsedRows-layout has-default-gap has-vertical-unset\" id=\"wp-block-themeisle-blocks-advanced-columns-8f62210d\"><div class=\"wp-block-themeisle-blocks-advanced-columns-overlay\"><\/div><div class=\"innerblocks-wrap\">\n<div class=\"wp-block-themeisle-blocks-advanced-column\" id=\"wp-block-themeisle-blocks-advanced-column-e1ae31cd\">\n<figure class=\"wp-block-image size-large is-resized\"><img loading=\"lazy\" src=\"http:\/\/saltimbreizh.fr\/wp-content\/uploads\/2018\/09\/portrait_FGA-1024x683-1024x683.jpg\" alt=\"\" class=\"wp-image-18\" width=\"361\" height=\"240\" srcset=\"https:\/\/saltimbreizh.fr\/wp-content\/uploads\/2018\/09\/portrait_FGA-1024x683.jpg 1024w, https:\/\/saltimbreizh.fr\/wp-content\/uploads\/2018\/09\/portrait_FGA-1024x683-300x200.jpg 300w, https:\/\/saltimbreizh.fr\/wp-content\/uploads\/2018\/09\/portrait_FGA-1024x683-768x512.jpg 768w, https:\/\/saltimbreizh.fr\/wp-content\/uploads\/2018\/09\/portrait_FGA-1024x683-370x247.jpg 370w\" sizes=\"(max-width: 361px) 100vw, 361px\" \/><\/figure>\n<\/div>\n\n\n\n<div class=\"wp-block-themeisle-blocks-advanced-column\" id=\"wp-block-themeisle-blocks-advanced-column-8580f946\">\n<p>Le Th\u00e9\u00e2tre en tant que com\u00e9dien a \u00e9t\u00e9 une exp\u00e9rience incroyable pour moi, surtout au sein de cette troupe si chaleureuse et accueillante.<\/p>\n\n\n\n<p>Cela sera avec un grand plaisir de partager avec mes acolytes les planches de B\u00e9d\u00e9e et j&rsquo;esp\u00e8re vous voir nombreux, sans vous le plaisir ne serait pas aussi grand.<\/p>\n\n\n\n<p>A bient\u00f4t<\/p>\n<\/div>\n<\/div><\/div>\n\n\n","protected":false},"excerpt":{"rendered":"","protected":false},"author":2,"featured_media":0,"parent":0,"menu_order":0,"comment_status":"closed","ping_status":"closed","template":"","meta":{"ngg_post_thumbnail":0},"_links":{"self":[{"href":"https:\/\/saltimbreizh.fr\/index.php?rest_route=\/wp\/v2\/pages\/1061"}],"collection":[{"href":"https:\/\/saltimbreizh.fr\/index.php?rest_route=\/wp\/v2\/pages"}],"about":[{"href":"https:\/\/saltimbreizh.fr\/index.php?rest_route=\/wp\/v2\/types\/page"}],"author":[{"embeddable":true,"href":"https:\/\/saltimbreizh.fr\/index.php?rest_route=\/wp\/v2\/users\/2"}],"replies":[{"embeddable":true,"href":"https:\/\/saltimbreizh.fr\/index.php?rest_route=%2Fwp%2Fv2%2Fcomments&post=1061"}],"version-history":[{"count":2,"href":"https:\/\/saltimbreizh.fr\/index.php?rest_route=\/wp\/v2\/pages\/1061\/revisions"}],"predecessor-version":[{"id":1199,"href":"https:\/\/saltimbreizh.fr\/index.php?rest_route=\/wp\/v2\/pages\/1061\/revisions\/1199"}],"wp:attachment":[{"href":"https:\/\/saltimbreizh.fr\/index.php?rest_route=%2Fwp%2Fv2%2Fmedia&parent=1061"}],"curies":[{"name":"wp","href":"https:\/\/api.w.org\/{rel}","templated":true}]}}