{"id":113,"date":"2018-06-13T17:26:47","date_gmt":"2018-06-13T15:26:47","guid":{"rendered":"http:\/\/127.0.0.1\/wordpress\/?page_id=113"},"modified":"2023-01-08T19:10:03","modified_gmt":"2023-01-08T18:10:03","slug":"la-vie-de-lassociation","status":"publish","type":"page","link":"https:\/\/saltimbreizh.fr\/?page_id=113","title":{"rendered":"La vie de l&rsquo;association&#8230;"},"content":{"rendered":"<h2 style=\"text-align: center;\">Bureau 2022-2023 de l&rsquo;association :<\/h2>\n<ul style=\"list-style-type: square;\">\n<li style=\"text-align: left;\">Pr\u00e9sidente : Ang\u00e9lik RIOPEL<\/li>\n<li style=\"text-align: left;\">Vice-pr\u00e9sident&nbsp;: Francis GALIPOT<\/li>\n<li style=\"text-align: left;\">Secr\u00e9taire : C\u00e9cile BOUGIS<\/li>\n<li>Secr\u00e9taire Adjoint : Catherine DUPONT LE PUIL<\/li>\n<li style=\"text-align: left;\">Tr\u00e9sorier&nbsp;: R\u00e9gis BOUGIS<\/li>\n<li style=\"text-align: left;\">Tr\u00e9sorier-adjoint : Xavier RAMPILLON<\/li>\n<\/ul>\n<h2 style=\"text-align: center;\">Membres actifs:<\/h2>\n<ul style=\"list-style-type: square;\">\n<li>Ang\u00e9lik RIOPEL<\/li>\n<li>Nicolas AUBIN<\/li>\n<li>Xavier RAMPILLON&nbsp;<\/li>\n<li>C\u00e9cile BOUGIS<\/li>\n<li>Karine LONCLE<\/li>\n<li>Mickael LONCLE<\/li>\n<li>Catherine DUPONT LE PUIL<\/li>\n<li>R\u00e9gis BOUGIS<\/li>\n<li>Francis GALIPOT<\/li>\n<\/ul>\n<h2 style=\"text-align: center;\">R\u00e9p\u00e9titions&nbsp;:<\/h2>\n<ul style=\"list-style-type: square;\">\n<li>Salle polyvalente = lundi soir<\/li>\n<li>Salle centre social = jeudi soir<\/li>\n<\/ul>\n","protected":false},"excerpt":{"rendered":"<p>Bureau 2022-2023 de l&rsquo;association : Pr\u00e9sidente : Ang\u00e9lik RIOPEL Vice-pr\u00e9sident&nbsp;: Francis GALIPOT Secr\u00e9taire : C\u00e9cile BOUGIS Secr\u00e9taire Adjoint : Catherine DUPONT LE PUIL Tr\u00e9sorier&nbsp;: R\u00e9gis BOUGIS Tr\u00e9sorier-adjoint : Xavier RAMPILLON Membres actifs: Ang\u00e9lik RIOPEL Nicolas AUBIN Xavier RAMPILLON&nbsp; C\u00e9cile BOUGIS Karine LONCLE Mickael LONCLE Catherine DUPONT LE PUIL R\u00e9gis BOUGIS Francis GALIPOT R\u00e9p\u00e9titions&nbsp;: Salle polyvalente &hellip; <a href=\"https:\/\/saltimbreizh.fr\/?page_id=113\" class=\"more-link\">Continuer la lecture de <span class=\"screen-reader-text\">La vie de l&rsquo;association&#8230;<\/span><\/a><\/p>\n","protected":false},"author":2,"featured_media":0,"parent":49,"menu_order":0,"comment_status":"closed","ping_status":"closed","template":"","meta":{"ngg_post_thumbnail":0},"_links":{"self":[{"href":"https:\/\/saltimbreizh.fr\/index.php?rest_route=\/wp\/v2\/pages\/113"}],"collection":[{"href":"https:\/\/saltimbreizh.fr\/index.php?rest_route=\/wp\/v2\/pages"}],"about":[{"href":"https:\/\/saltimbreizh.fr\/index.php?rest_route=\/wp\/v2\/types\/page"}],"author":[{"embeddable":true,"href":"https:\/\/saltimbreizh.fr\/index.php?rest_route=\/wp\/v2\/users\/2"}],"replies":[{"embeddable":true,"href":"https:\/\/saltimbreizh.fr\/index.php?rest_route=%2Fwp%2Fv2%2Fcomments&post=113"}],"version-history":[{"count":4,"href":"https:\/\/saltimbreizh.fr\/index.php?rest_route=\/wp\/v2\/pages\/113\/revisions"}],"predecessor-version":[{"id":1171,"href":"https:\/\/saltimbreizh.fr\/index.php?rest_route=\/wp\/v2\/pages\/113\/revisions\/1171"}],"up":[{"embeddable":true,"href":"https:\/\/saltimbreizh.fr\/index.php?rest_route=\/wp\/v2\/pages\/49"}],"wp:attachment":[{"href":"https:\/\/saltimbreizh.fr\/index.php?rest_route=%2Fwp%2Fv2%2Fmedia&parent=113"}],"curies":[{"name":"wp","href":"https:\/\/api.w.org\/{rel}","templated":true}]}}